housands digit of 104238426?
3
What is the millions digit of 3754125221?
4
What is the millions digit of 1167355609?
7
What is the tens digit of 16372026?
2
What is the hundred thousands digit of 531803614?
8
What is the units digit of 35954473?
3
What is the millions digit of 150496553?
0
What is the billions digit of 1332452769?
1
What is the units digit of 474188933?
3
What is the hundred millions digit of 224522375?
2
What is the tens digit of 705295910?
1
What is the ten millions digit of 64930352?
6
What is the thousands digit of 58220830?
0
What is the millions digit of 399060207?
9
What is the ten millions digit of 1875534926?
7
What is the units digit of 622780390?
0
What is the ten thousands digit of 53627698?
2
What is the thousands digit of 1102776854?
6
What is the hundred thousands digit of 2798461?
7
What is the units digit of 1119573499?
9
What is the hundred thousands digit of 130263623?
2
What is the hundreds digit of 11495180?
1
What is the hundreds digit of 6212954?
9
What is the ten thousands digit of 8147713?
4
What is the units digit of 493759549?
9
What is the hundreds digit of 1049784926?
9
What is the tens digit of 67932976?
7
What is the hundred thousands digit of 4373259?
3
What is the ten thousands digit of 1292656333?
5
What is the hundreds digit of 4845682190?
1
What is the hundred millions digit of 1969146944?
9
What is the thousands digit of 8197220?
7
What is the thousands digit of 5325291?
5
What is the units digit of 231876442?
2
What is the thousands digit of 201993233?
3
What is the tens digit of 353879511?
1
What is the hundred thousands digit of 86889109?
8
What is the tens digit of 1849227639?
3
What is the thousands digit of 55537036?
7
What is the hundreds digit of 316746933?
9
What is the units digit of 450864326?
6
What is the ten millions digit of 262460533?
6
What is the hundreds digit of 2365961878?
8
What is the ten millions digit of 23582165?
2
What is the billions digit of 3271111340?
3
What is the thousands digit of 79673446?
3
What is the hundred thousands digit of 27727686?
7
What is the ten thousands digit of 3588235778?
3
What is the thousands digit of 1540079?
0
What is the ten thousands digit of 1773965519?
6
What is the units digit of 134359870?
0
What is the units digit of 68786850?
0
What is the tens digit of 2915097024?
2
What is the hundred millions digit of 173428619?
1
What is the thousands digit of 455388693?
8
What is the thousands digit of 914213113?
3
What is the units digit of 104125129?
9
What is the units digit of 86030372?
2
What is the thousands digit of 471384940?
4
What is the ten thousands digit of 1342317253?
1
What is the ten thousands digit of 4718206874?
0
What is the billions digit of 1849726162?
1
What is the hundred thousands digit of 179224689?
2
What is the thousands digit of 12414454?
4
What is the hundred thousands digit of 4254810162?
8
What is the tens digit of 2814731480?
8
What is the hundred thousands digit of 2169935962?
9
What is the hundred millions digit of 617053037?
6
What is the thousands digit of 63082070?
2
What is the hundred thousands digit of 119011578?
0
What is the thousands digit of 2685324542?
4
What is the ten millions digit of 65307588?
6
What is the billions digit of 4823475811?
4
What is the ten thousands digit of 723627084?
2
What is the ten thousands digit of 11054958?
5
What is the ten millions digit of 20607298?
2
What is the hundred millions digit of 2937845685?
9
What is the ten thousands digit of 84779121?
7
What is the millions digit of 229300213?
9
What is the hundreds digit of 39338114?
1
What is the ten millions digit of 65708118?
6
What is the thousands digit of 1934489432?
9
What is the tens digit of 11322863?
6
What is the billions digit of 1087889747?
1
What is the tens digit of 614866554?
5
What is the units digit of 87577577?
7
What is the millions digit of 43085818?
3
What is the billions digit of 1023770847?
1
What is the millions digit of 145192215?
5
What is the tens digit of 37552101?
0
What is the hundred thousands digit of 183726251?
7
What is the hundreds digit of 19014509?
5
What is the tens digit of 475061840?
4
What is the hundreds digit of 559589865?
8
What is the hundred millions digit of 135773573?
1
What is the hundreds digit of 19816602?
6
What is the units digit of 14150532?
2
What is the tens digit of 907998204?
0
What is the ten thousands digit of 791176844?
7
What is the thousands digit of 1865389636?
9
What is the hundred millions digit of 1311074083?
3
What is the hundreds digit of 370962181?
1
What is the units digit of 28025955?
5
What is the ten millions digit of 72381802?
7
What is the hundred millions digit of 212319555?
2
What is the millions digit of 234136540?
4
What is the ten thousands digit of 117207663?
0
What is the ten millions digit of 10908380?
1
What is the thousands digit of 1384048?
4
What is the hundreds digit of 19646806?
8
What is the ten millions digit of 3814980720?
1
What is the hundreds digit of 13029314?
3
What is the millions digit of 100018869?
0
What is the hundreds digit of 14182305?
3
What is the hundreds digit of 72781090?
0
What is the hundred millions digit of 115471074?
1
What is the units digit of 298070749?
9
What is the tens digit of 1397631377?
7
What is the ten thousands digit of 316326807?
2
What is the units digit of 4869051967?
7
What is the tens digit of 217081496?
9
What is the hundreds digit of 3147091984?
9
What is the millions digit of 1985137?
1
What is the tens digit of 351917080?
8
What is the ten thousands digit of 4764454463?
5
What is the ten millions digit of 111839191?
1
What is the tens digit of 60199525?
2
What is the tens digit of 33024634?
3
What is the tens digit of 502358057?
5
What is the hundred thousands digit of 87474644?
4
What is the ten millions digit of 130594014?
3
What is the millions digit of 505723512?
5
What is the hundred millions digit of 262523824?
2
What is the tens digit of 384578705?
0
What is the ten millions digit of 59240543?
5
What is the tens digit of 553937814?
1
What is the tens digit of 1494048683?
8
What is the millions digit of 23103054?
3
What is the ten millions digit of 160867513?
6
What is the hundreds digit of 36748253?
2
What is the thousands digit of 1344957653?
7
What is the thousands digit of 8805440916?
0
What is the hundred thousands digit of 2572618611?
6
What is the ten millions digit of 1285977622?
8
What is the thousands digit of 338654675?
4
What is the hundred millions digit of 1008837221?
0
What is the ten millions digit of 1138425889?
3
What is the ten millions digit of 551515419?
5
What is the tens digit of 217841833?
3
What is the hundreds digit of 99665486?
4
What is the tens digit of 189743619?
1
What is the ten millions digit of 42453482?
4
What is the tens digit of 408622144?
4
What is the millions digit of 32248469?
2
What is the hundreds digit of 26305866?
8
What is the hundreds digit of 1093187766?
7
What is the billions digit of 5084205774?
5
What is the ten thousands digit of 1724698?
2
What is the hundred millions digit of 3472738008?
4
What is the tens digit of 77054607?
0
What is the thousands digit of 371560443?
0
What is the hundreds digit of 185578950?
9
What is the thousands digit of 822253637?
3
What is the hundreds digit of 228096220?
2
What is the tens digit of 121240878?
7
What is the hundreds digit of 1610590477?
4
What is the millions digit of 3683408297?
3
What is the units digit of 11069460?
0
What is the millions digit of 203015302?
3
What is the thousands digit of 3020223534?
3
What is the thousands digit of 6832484902?
4
What is the hundreds digit of 126513579?
5
What is the ten thousands digit of 340331483?
3
What is the tens digit of 91742091?
9
What is the thousands digit of 5921318746?
8
What is the ten thousands digit of 19527029?
2
What is the millions digit of 4499263638?
9
What is the thousands digit of 133205733?
5
What is the millions digit of 395654573?
5
What is the thousands digit of 3940003?
0
What is the units digit of 439049784?
4
What is the hundreds digit of 251899252?
2
What is the hundred thousands digit of 42893071?
8
What is the billions digit of 6148902091?
6
What is the millions digit of 120330671?
0
What is the thousands digit 